der when 32/64*4*25 is divided by 9.
5
Let a(v) = 3*v + 26. What is the remainder when 19 is divided by a(-7)?
4
Suppose 4*r + 16 = 0, -4*b + 5*r + 160 = r. Suppose 4*y = j + b, -2*y - j + 26 - 2 = 0. Calculate the remainder when 28 is divided by y.
8
Let m(x) = x**2 + x + 2. Let r be m(2). Suppose 5 - r = 3*g. Calculate the remainder when 46 is divided by 13 + 3 + (-1 - g).
14
Let u(s) = 2*s**2 + 27. What is the remainder when u(10) is divided by 33?
29
Suppose -12 = -a + 77. Calculate the remainder when a is divided by 23.
20
Let j = 3 - 4. Let i = j - -4. What is the remainder when 0 + 1 - (-9 - -5) is divided by i?
2
Suppose -7 = -k + 4. Calculate the remainder when 20 is divided by k.
9
Calculate the remainder when 30 is divided by 2 + 7 + 4/2.
8
Suppose -4*b = -l - 12, b + b + 4*l + 12 = 0. What is the remainder when 6 is divided by b?
0
Suppose 2*c = -3*j + 170, -2*c = 3*c - 20. Let n(p) = -5*p + 14. Calculate the remainder when j is divided by n(0).
12
Suppose 91 = 4*c + 19. What is the remainder when 33 is divided by -3 + c - (5 + -2)?
9
Suppose -12 = -4*t + 12. Suppose -3*x + 57 = -4*p, -18 - 89 = -4*x - 5*p. What is the remainder when x is divided by t?
5
Let p(z) = -z**3 + 14*z**2 - 14*z + 15. Let s be p(13). Suppose -y + 4*d = 14, 4 = -0*y - y + s*d. Calculate the remainder when 10 is divided by y.
4
Let v = 8 + -6. Let b = v + 5. Let l = 21 - b. Calculate the remainder when l is divided by 8.
6
Suppose 4*z - 25 - 11 = 0. What is the remainder when 4/(-6) - (-105)/z is divided by 3?
2
Let o(c) = -c**2 - 11*c + 13. Calculate the remainder when o(-10) is divided by 40 - 27 - (-2 - -1 - -1).
10
Let n be (8/(-8))/((-1)/3). Suppose n*r - 45 = -2*r. Calculate the remainder when r is divided by 6.
3
Let y(a) = a**3 - a**2 - 6*a + 5. Let r be y(4). Let l = 5 + r. Let z = -273 + 285. What is the remainder when l is divided by z?
10
Suppose 0 - 2 = 2*i. Let x be -13*i/(1/3). Suppose -4*h + h + x = 0. Calculate the remainder when 37 is divided by h.
11
Suppose -5*s = -3*s - 18. Let a be (-3)/(-9) + 32/(-6). Let g(x) = x**3 + 6*x**2 + 4*x. What is the remainder when s is divided by g(a)?
4
Suppose 5 = r - 51. Suppose 8*a + 255 = 3*a. Let v = -32 - a. What is the remainder when r is divided by v?
18
Let h = 24 - 12. Let b(k) = k**2 + 3*k + 17. Calculate the remainder when b(-7) is divided by h.
9
Let j = 14 + 0. Let y = 4 + 17. Let u = y + -16. Calculate the remainder when j is divided by u.
4
Suppose 204 = 3*z + z. What is the remainder when z is divided by 13?
12
Suppose -2*s + 67 = 5*i, -60 = -5*i + 2*s + 3*s. Let j(z) = -z + 5. Let b be j(6). What is the remainder when 24 + 0/(b + 3) is divided by i?
11
Suppose 5 = 4*v - 7. Suppose -v*s + 11 - 32 = 0. Calculate the remainder when (0 - (0 - s))/(-1) is divided by 3.
1
Suppose -105 = -l - 2*l. Let z(q) = q**2 - q + 1. Let k(f) = 2*f**2 + 3. Let x(n) = -k(n) + 3*z(n). What is the remainder when l is divided by x(-3)?
17
Let x = -8 - -16. Let z(l) = l**3 - 7*l**2 + 6*l + 5. Let r be z(6). Suppose -165 = -r*q - 50. What is the remainder when q is divided by x?
7
Let b = -1 - -14. Let v(j) = 24*j**2 - j - 1. What is the remainder when v(-1) is divided by b?
11
Suppose -d - b - 61 = -3*d, -2*d = -4*b - 76. Calculate the remainder when 79 is divided by d.
23
Let y = 2 + -2. Let b be 4/(-2) - y - 9. Let d = 15 + b. What is the remainder when 15 is divided by d?
3
Let s = 3 + -1. Suppose -s*l = -71 + 3. Let c = -4 - -16. What is the remainder when l is divided by c?
10
Suppose 4*s = -1 + 121. Suppose 0 = 3*p - 5*p + 32. Calculate the remainder when s + 0*(-3)/(-6) is divided by p.
14
Suppose -2*y + 30 = -7*y. Let c = y - -7. Suppose -x + 3 = -0*x, -4*t + 7 = x. What is the remainder when c is divided by t?
0
What is the remainder when 28 is divided by (-2)/3*(-12 - 0)?
4
Suppose -3*b = -3*g - 141, 7*g - 3*g + 16 = 0. What is the remainder when 213 is divided by b?
41
Let o(b) = 21*b - 5. Let v be o(5). Suppose v = 6*z - z. Calculate the remainder when z is divided by 7.
6
Suppose -6 = -2*a - 2, 0 = 4*t - 4*a - 12. Suppose 0 = -26*b + 21*b + t. What is the remainder when b is divided by 1?
0
Suppose -55 = -4*c + 3*s, 4*s - 10 = -3*c - 0*s. Calculate the remainder when 47 is divided by c.
7
Let n = -7 + 15. Suppose 0 - 6 = -6*p. What is the remainder when (-1120)/(-49) - p/(-7) is divided by n?
7
Calculate the remainder when 15 is divided by -1 + 4 + 2 + -1.
3
Let a = -6 - -12. Suppose 0*l + 24 = 3*l. What is the remainder when l is divided by (6/10)/(a/30)?
2
Suppose 2*u = -5*u + 616. What is the remainder when u is divided by 23?
19
Suppose 4*l - 20 + 4 = 0. Suppose 2*s - 16 = -4*k, 7 = -5*s + l*k + 89. What is the remainder when s is divided by 5?
4
Calculate the remainder when 412/14 + 12/(-28) is divided by 10.
9
Let m(h) = 2*h + 49. What is the remainder when 59 is divided by m(-17)?
14
Let j = 3 - 4. Let v = 4 - 2. What is the remainder when v is divided by -1*(3 - 1)*j?
0
Suppose 4*b - 18 = 2*b. Suppose -3*f + 4*n = -111, 3*f - 2*n - 72 = f. What is the remainder when f is divided by b?
6
Let b(i) = i**3 + 6*i**2 + 4*i - 4. Calculate the remainder when b(-4) is divided by (-108)/(-16) + (-1)/(-4).
5
Let v(n) be the third derivative of -n**6/120 - 11*n**5/60 - n**4/24 + 7*n**3/3 + n**2. What is the remainder when 48 is divided by v(-11)?
23
Let a = 9 - 7. What is the remainder when 24 is divided by 5 + 6 - -1*a?
11
Let t be 5/(-7) + (-10)/35. Let j = 23 + t. What is the remainder when 64 is divided by j?
20
Let q(v) = -49*v. What is the remainder when q(-3) is divided by 37?
36
Let r(l) = l - 4. Let d be r(4). Suppose 5*i = -d*i. Calculate the remainder when 16 is divided by (2 + (-1 - i))*9.
7
Suppose -i + 93 = y + y, -i = -1. What is the remainder when y is divided by 24?
22
Let f(m) = -3*m - 1. Let j(r) = r**3 + 2*r**2 - r + 2. Let q be j(-3). Calculate the remainder when 20 is divided by f(q).
9
Let y(w) = 3*w**2 - 2*w - 1. Let p be 22/5 - 4/10. Suppose 0 = p*g + 5*b - 37, 2*b - 5 = b. What is the remainder when 39 is divided by y(g)?
19
Let h(g) = g**2 - 5*g + 4. Let i be h(5). Suppose -2*a = -2 - i. Suppose -x - 2*x = -15, a*x - 27 = -w. Calculate the remainder when 23 is divided by w.
11
Let o be -2*(1 + (-6)/4). Suppose 3*s = o - 28. Let t = -4 - s. What is the remainder when t is divided by 3?
2
Suppose 0 = 6*o - o. Let h = -7 + 10. Calculate the remainder when h is divided by (-5)/((-10)/4) - o.
1
Let d be (2 - (1 - -3)) + 8. Suppose 2*h - d*h = -x + 50, x + 2*h - 26 = 0. What is the remainder when x is divided by 12?
10
Suppose j = 2*j - 4. Suppose 19 = j*w + 4*t - 5, 3*w + 2*t = 18. Calculate the remainder when 9 is divided by w.
3
Let p = 1 - -23. What is the remainder when p is divided by -3 - -9 - -3*1?
6
Suppose 5*r - 279 - 66 = 0. What is the remainder when r is divided by 18?
15
Let r be (-212)/(-6) + (-4)/(-6). Let d be 0/(-2) - -5*1. Calculate the remainder when 11 is divided by r/10 - (-2)/d.
3
Suppose 0 = -t + 18 + 45. Let k = -28 + t. What is the remainder when k is divided by 18?
17
Let x = 99 - 82. What is the remainder when x is divided by 3?
2
Suppose 0 = -10*p - 15 + 175. Calculate the remainder when p is divided by 6.
4
Let z(p) = 2*p + 4. What is the remainder when 59 is divided by z(7)?
5
Let h(p) = -p. What is the remainder when 15 is divided by h(-6)?
3
Suppose -5*n + 2*n = -c - 288, 0 = -4*n - 2*c + 374. Let j = 9 + 23. Calculate the remainder when n is divided by j.
31
Let i be 63/12 - (-6)/8. Let o(r) = 2*r + 4. Calculate the remainder when o(i) is divided by 6.
4
Let u(h) = -h**2 + 8*h + 46. What is the remainder when 37 is divided by u(11)?
11
Let q = 34 - -1. What is the remainder when q is divided by 10?
5
Let k(o) = -o**2 - 10*o - 11. Let g be k(-8). Let f be g/20 - 46/(-8). Calculate the remainder when 3 is divided by (-9)/f*(-12)/9.
1
Calculate the remainder when -4*-5*5/2 is divided by 13.
11
Suppose q - 68 = -2*g, g = -0*q + 2*q + 24. Calculate the remainder when g is divided by 12.
8
Let p = -6 + 4. What is the remainder when -1 + (8 - p) + 2 is divided by 4?
3
Let x = 15 + 5. Calculate the remainder when x is divided by 8.
4
Suppose -3*k + 5*k + 38 = 0. What is the remainder when (1 + -2)*(-2 + k) is divided by (0 + -2)*(-22)/4?
10
Suppose 3*f